 prime factors of 88562936.
2, 7, 11, 109, 1319
What are the prime factors of 191911427?
191911427
What are the prime factors of 2741821765?
5, 389, 1409677
What are the prime factors of 2447050693?
227, 10779959
List the prime factors of 1047274741.
8089, 129469
What are the prime factors of 136399712?
2, 4262491
What are the prime factors of 267080748?
2, 3, 11, 31, 65269
What are the prime factors of 2317127755?
5, 23, 97, 207721
What are the prime factors of 657684025?
5, 2287, 11503
List the prime factors of 6674119422.
2, 3, 37, 71, 423431
What are the prime factors of 931698544?
2, 7, 29, 43, 953
List the prime factors of 1019241077.
1019241077
What are the prime factors of 175561458?
2, 3, 29260243
List the prime factors of 417546700.
2, 5, 4175467
List the prime factors of 438431108.
2, 1069, 102533
List the prime factors of 1397261386.
2, 41, 199, 85627
List the prime factors of 1193026751.
7, 170432393
What are the prime factors of 219200537?
373, 587669
List the prime factors of 40279291.
13, 238339
List the prime factors of 27458386.
2, 131, 104803
What are the prime factors of 65723686?
2, 7, 29, 161881
What are the prime factors of 35676340?
2, 5, 7, 254831
List the prime factors of 50371294.
2, 569, 44263
List the prime factors of 330198301.
330198301
List the prime factors of 16417871.
59, 278269
List the prime factors of 2151300033.
3, 79677779
List the prime factors of 42301590.
2, 3, 5, 1410053
List the prime factors of 3915760.
2, 5, 48947
What are the prime factors of 21453225?
3, 5, 286043
List the prime factors of 1039388892.
2, 3, 73, 1186517
What are the prime factors of 21868245?
3, 5, 7, 73, 317
List the prime factors of 100790587.
41, 1231, 1997
List the prime factors of 384891742.
2, 47, 87119
List the prime factors of 129322724.
2, 32330681
List the prime factors of 363947634.
2, 3, 6739771
What are the prime factors of 3059914?
2, 11, 13, 823
List the prime factors of 4382112672.
2, 3, 7, 607, 3581
What are the prime factors of 221822907?
3, 241, 306809
List the prime factors of 1481244247.
7, 211606321
List the prime factors of 2905899933.
3, 859, 1127629
List the prime factors of 857530097.
19, 101, 446863
List the prime factors of 529045745.
5, 4597, 23017
What are the prime factors of 1456423254?
2, 3, 11, 13, 62869
List the prime factors of 337013036.
2, 5791, 14549
What are the prime factors of 1562814865?
5, 67, 4665119
List the prime factors of 104278052.
2, 2287, 11399
List the prime factors of 2833698044.
2, 1367, 518233
List the prime factors of 1450549990.
2, 5, 17, 457, 18671
List the prime factors of 16933378.
2, 7, 11, 31, 3547
List the prime factors of 2000324237.
19, 23, 541, 8461
What are the prime factors of 89236612?
2, 22309153
What are the prime factors of 348196108?
2, 13, 17, 41, 739
List the prime factors of 212077112.
2, 13, 23, 88661
What are the prime factors of 633909068?
2, 13, 12190559
What are the prime factors of 5125096247?
47, 1949, 55949
What are the prime factors of 6060562143?
3, 83, 24339607
What are the prime factors of 6618728998?
2, 7, 23, 419491
What are the prime factors of 63910594?
2, 11, 2905027
List the prime factors of 4212126699.
3, 11, 47, 2715749
List the prime factors of 90774379.
29, 1621, 1931
What are the prime factors of 137221336?
2, 7, 2450381
List the prime factors of 612107380.
2, 5, 163, 187763
What are the prime factors of 25587888?
2, 3, 191, 2791
What are the prime factors of 155154629?
7, 1093, 2897
List the prime factors of 7375198164.
2, 3, 101, 571, 10657
List the prime factors of 229852632.
2, 3, 563, 17011
List the prime factors of 773283572.
2, 37, 5224889
List the prime factors of 630400024.
2, 1231, 64013
What are the prime factors of 238710864?
2, 3, 7, 710449
What are the prime factors of 24496257?
3, 37, 220687
What are the prime factors of 5538038772?
2, 3, 7, 31, 1021, 2083
What are the prime factors of 90988208?
2, 5686763
List the prime factors of 3541317.
3, 13, 90803
What are the prime factors of 77752099?
6907, 11257
What are the prime factors of 117073367?
367, 319001
What are the prime factors of 163334168?
2, 20416771
What are the prime factors of 212705853?
3, 17, 4170703
List the prime factors of 3442244.
2, 13, 53, 1249
What are the prime factors of 6598779273?
3, 47, 349, 44699
What are the prime factors of 69502694?
2, 34751347
List the prime factors of 941113245.
3, 5, 62740883
List the prime factors of 1841915905.
5, 347, 1061623
List the prime factors of 669062052.
2, 3, 6195019
What are the prime factors of 116371419?
3, 199, 397, 491
What are the prime factors of 102352695?
3, 5, 83, 229, 359
What are the prime factors of 157089700?
2, 5, 1570897
What are the prime factors of 42863511?
3, 17, 523, 1607
List the prime factors of 84212495.
5, 53, 317783
What are the prime factors of 419381251?
41, 1913, 5347
List the prime factors of 5550942479.
5550942479
What are the prime factors of 220639387?
71, 3107597
List the prime factors of 532326050.
2, 5, 71, 113, 1327
List the prime factors of 36586869.
3, 11, 1108693
List the prime factors of 315826564.
2, 78956641
List the prime factors of 188546242.
2, 61, 1545461
List the prime factors of 1696638375.
3, 5, 773, 1951
What are the prime factors of 313309790?
2, 5, 31330979
List the prime factors of 4183178019.
3, 227, 389, 15791
What are the prime factors of 1965141009?
3, 13, 16796077
List the prime factors of 390434367.
3, 31, 43, 89, 1097
List the prime factors of 1593331706.
2, 8951, 89003
What are the prime factors of 41170514?
2, 7, 11, 267341
What are the prime factors of 2340819604?
2, 585204901
List the prime factors of 1295739034.
2, 191, 3391987
List the prime factors of 2797193320.
2, 5, 2357, 29669
What are the prime factors of 174106315?
5, 34821263
What are the prime factors of 54422131?
59, 709, 1301
What are the prime factors of 3864438478?
2, 1932219239
List the prime factors of 604907399.
41, 14753839
List the prime factors of 1200842729.
1200842729
What are the prime factors of 36921342?
2, 3, 6153557
List the prime factors of 66653732.
2, 16663433
List the prime factors of 54939662.
2, 4051, 6781
List the prime factors of 59985509.
61, 397, 2477
What are the prime factors of 683628123?
3, 17, 271, 49463
What are the prime factors of 3744216400?
2, 5, 43, 217687
What are the prime factors of 284944799?
521, 546919
List the prime factors of 574038.
2, 3, 31891
What are the prime factors of 1980729765?
3, 5, 7, 19, 173, 1913
What are the prime factors of 55596778?
2, 27798389
List the prime factors of 1700262854.
2, 17, 2153, 23227
List the prime factors of 1426070467.
36877, 38671
List the prime factors of 1033508575.
5, 11, 719, 5227
List the prime factors of 142815896.
2, 107, 166841
What are the prime factors of 196914405?
3, 5, 61, 307, 701
What are the prime factors of 5539233427?
7, 13, 2879, 21143
What are the prime factors of 472789418?
2, 236394709
List the prime factors of 132111227.
132111227
What are the prime factors of 1593696?
2, 3, 13, 1277
List the prime factors of 69025414.
2, 34512707
What are the prime factors of 283317838?
2, 149, 167, 5693
List the prime factors of 75003076.
2, 577, 32497
List the prime factors of 73926644.
2, 11, 19, 8039
List the prime factors of 26348331.
3, 8782777
What are the prime factors of 52726258?
2, 13, 23, 37, 2383
What are the prime factors of 1027212789?
3, 19, 131, 137567
List the prime factors of 14389285.
5, 47, 61231
What are the prime factors of 14320895?
5, 179, 16001
What are the prime factors of 1008619666?
2, 3917, 128749
What are the prime factors of 51486209?
2851, 18059
List the prime factors of 27580026.
2, 3, 4596671
What are the prime factors of 23611785?
3, 5, 421, 3739
What are the prime factors of 2054131995?
3, 5, 61, 2244953
List the prime factors of 681581533.
681581533
What are the prime factors of 2419084055?
5, 233, 887, 2341
What are the prime factors of 7325762476?
2, 23, 79627853
List the prime factors of 367719591.
3, 157, 780721
List the prime factors of 447522125.
5, 103, 34759
What are the prime factors of 597449469?
3, 151, 683, 1931
List the prime factors of 1033234780.
2, 5, 51661739
List the prime factors of 18781752.
2, 3, 11, 71143
List the prime factors of 